he thousands digit of 5535?
5
What is the ten thousands digit of 67376?
6
What is the thousands digit of 2630?
2
What is the tens digit of 45589?
8
What is the tens digit of 4320?
2
What is the hundreds digit of 1702?
7
What is the units digit of 5012?
2
What is the thousands digit of 17732?
7
What is the tens digit of 786?
8
What is the units digit of 1282?
2
What is the ten thousands digit of 32182?
3
What is the hundreds digit of 2892?
8
What is the thousands digit of 5044?
5
What is the units digit of 81673?
3
What is the hundreds digit of 7404?
4
What is the tens digit of 348?
4
What is the hundreds digit of 7978?
9
What is the hundreds digit of 8418?
4
What is the thousands digit of 4451?
4
What is the tens digit of 56320?
2
What is the thousands digit of 1256?
1
What is the thousands digit of 1194?
1
What is the thousands digit of 5541?
5
What is the units digit of 41144?
4
What is the tens digit of 659?
5
What is the hundred thousands digit of 125297?
1
What is the ten thousands digit of 66343?
6
What is the units digit of 4316?
6
What is the ten thousands digit of 10734?
1
What is the ten thousands digit of 81046?
8
What is the tens digit of 636?
3
What is the thousands digit of 5516?
5
What is the ten thousands digit of 113119?
1
What is the units digit of 35078?
8
What is the tens digit of 33240?
4
What is the units digit of 1442?
2
What is the hundred thousands digit of 119686?
1
What is the tens digit of 11106?
0
What is the hundreds digit of 983?
9
What is the tens digit of 94253?
5
What is the tens digit of 774?
7
What is the units digit of 9936?
6
What is the thousands digit of 21846?
1
What is the hundreds digit of 1782?
7
What is the units digit of 17353?
3
What is the thousands digit of 20524?
0
What is the hundreds digit of 108?
1
What is the hundreds digit of 2039?
0
What is the thousands digit of 1200?
1
What is the thousands digit of 6193?
6
What is the tens digit of 1002?
0
What is the tens digit of 33559?
5
What is the hundreds digit of 277?
2
What is the tens digit of 62?
6
What is the thousands digit of 8663?
8
What is the units digit of 14200?
0
What is the tens digit of 424?
2
What is the hundreds digit of 540?
5
What is the thousands digit of 7616?
7
What is the units digit of 7783?
3
What is the units digit of 72589?
9
What is the hundreds digit of 28643?
6
What is the hundreds digit of 3522?
5
What is the tens digit of 8800?
0
What is the ten thousands digit of 141930?
4
What is the hundreds digit of 115?
1
What is the hundreds digit of 713?
7
What is the thousands digit of 10044?
0
What is the ten thousands digit of 115042?
1
What is the ten thousands digit of 107703?
0
What is the tens digit of 101124?
2
What is the tens digit of 21837?
3
What is the units digit of 3795?
5
What is the thousands digit of 16787?
6
What is the units digit of 6282?
2
What is the tens digit of 2204?
0
What is the tens digit of 851?
5
What is the units digit of 3078?
8
What is the hundreds digit of 68025?
0
What is the thousands digit of 106958?
6
What is the tens digit of 279?
7
What is the units digit of 37902?
2
What is the tens digit of 3613?
1
What is the tens digit of 8114?
1
What is the tens digit of 138505?
0
What is the units digit of 1539?
9
What is the tens digit of 479?
7
What is the tens digit of 725?
2
What is the units digit of 1421?
1
What is the hundreds digit of 2344?
3
What is the units digit of 1805?
5
What is the units digit of 49705?
5
What is the tens digit of 36276?
7
What is the units digit of 76228?
8
What is the thousands digit of 1727?
1
What is the hundreds digit of 1812?
8
What is the hundreds digit of 18843?
8
What is the ten thousands digit of 46888?
4
What is the ten thousands digit of 12588?
1
What is the units digit of 6550?
0
What is the hundreds digit of 14030?
0
What is the thousands digit of 5770?
5
What is the units digit of 3424?
4
What is the ten thousands digit of 23996?
2
What is the tens digit of 7931?
3
What is the units digit of 61452?
2
What is the thousands digit of 1066?
1
What is the thousands digit of 46872?
6
What is the units digit of 10857?
7
What is the hundreds digit of 3076?
0
What is the tens digit of 47565?
6
What is the hundreds digit of 10703?
7
What is the hundred thousands digit of 172206?
1
What is the hundreds digit of 67647?
6
What is the ten thousands digit of 52673?
5
What is the units digit of 2922?
2
What is the units digit of 925?
5
What is the hundreds digit of 30888?
8
What is the hundreds digit of 122679?
6
What is the thousands digit of 11825?
1
What is the tens digit of 20545?
4
What is the tens digit of 372?
7
What is the thousands digit of 8203?
8
What is the units digit of 79459?
9
What is the hundreds digit of 22286?
2
What is the units digit of 782?
2
What is the tens digit of 1444?
4
What is the hundreds digit of 515?
5
What is the hundreds digit of 3872?
8
What is the units digit of 2627?
7
What is the thousands digit of 9689?
9
What is the units digit of 14447?
7
What is the units digit of 13751?
1
What is the tens digit of 7611?
1
What is the hundreds digit of 3097?
0
What is the tens digit of 2205?
0
What is the ten thousands digit of 60230?
6
What is the units digit of 7352?
2
What is the thousands digit of 8262?
8
What is the units digit of 25833?
3
What is the units digit of 1467?
7
What is the tens digit of 2318?
1
What is the units digit of 63067?
7
What is the hundreds digit of 9368?
3
What is the ten thousands digit of 21873?
2
What is the tens digit of 199?
9
What is the tens digit of 4815?
1
What is the hundreds digit of 3645?
6
What is the hundreds digit of 2048?
0
What is the units digit of 16269?
9
What is the units digit of 34815?
5
What is the hundreds digit of 2315?
3
What is the ten thousands digit of 12305?
1
What is the hundreds digit of 6662?
6
What is the thousands digit of 1913?
1
What is the hundreds digit of 7614?
6
What is the hundreds digit of 97840?
8
What is the thousands digit of 1369?
1
What is the thousands digit of 13742?
3
What is the tens digit of 6568?
6
What is the tens digit of 11739?
3
What is the thousands digit of 45910?
5
What is the hundreds digit of 32393?
3
What is the units digit of 39570?
0
What is the units digit of 7844?
4
What is the units digit of 396?
6
What is the units digit of 3096?
6
What is the units digit of 670?
0
What is the thousands digit of 3128?
3
What is the ten thousands digit of 23227?
2
What is the tens digit of 417?
1
What is the ten thousands digit of 110066?
1
What is the tens digit of 246?
4
What is the ten thousands digit of 40001?
4
What is the tens digit of 20788?
8
What is the thousands digit of 1546?
1
What is the tens digit of 13424?
2
What is the tens digit of 520?
2
What is the hundreds digit of 50688?
6
What is the tens digit of 8522?
2
What is the units digit of 903?
3
What is the tens digit of 5738?
3
What is the hundred thousands digit of 193690?
1
What is the hundreds digit of 58188?
1
What is the tens digit of 21644?
4
What is the tens digit of 1259?
5
What is the units digit of 100?
0
What is the ten thousands digit of 70311?
7
What is the tens digit of 22336?
3
What is the thousands digit of 5396?
5
What is the units digit of 7375?
5
What is the units digit of 1797?
7
What is the hundreds digit of 53658?
6
What is the hundreds digit of 652?
6
What is the tens digit of 893?
9
What is the thousands digit of 1553?
1
What is the units digit of 4761?
1
What is the thousands digit of 3675?
3
What is the units digit of 507?
7
What is the tens digit of 1968?
6
What is the tens digit of 9792?
9
What is the units digit of 2241?
1
What is the units digit of 320?
0
What is the tens digit of 2049?
4
What is the units digit of 561?
1
What is the units digit of 537?
7
What is the units digit of 7005?
5
What is the tens digit of 5935?
3
What is the thousands digit of 4487?
4
What is the units digit of 2585?
5
What is the ten thousands digit of 130285?
3
What is the tens digit of 2652?
5
What is the thousands digit of 4909?
4
What is the thousands digit of 28986?
8
What is the thousands digit of 5874?
5
What is the tens digit of 3375?
7
What is the thousands digit of 129059?
9
What is the thousands digit of 4860?
4
What is the tens digit of 1747?
4
What is the hundreds digit